n**2. Let o(q) = 5*b(q) + 7*m(q). Is o(-1) a composite number?
False
Is -2 + 6*((-435)/(-6))/5 prime?
False
Let s = -8 - -4. Is 3/s*-4 - -44 prime?
True
Suppose -5*b + 5*r - 2359 + 7284 = 0, -5*b + 4929 = -4*r. Is b a composite number?
True
Let d(j) = -7*j + 9. Let i be d(7). Is ((-16)/i)/((-1)/(-5)) composite?
False
Let i = 0 + 4. Suppose i*l - 38 = 2. Suppose -4*m = -30 - l. Is m prime?
False
Suppose -1526 = 2*h - 4*h + 2*w, -w + 1535 = 2*h. Is h prime?
False
Let a(q) be the second derivative of -43*q**4/12 - 2*q**3/3 - q. Let c(f) = -14*f**2 - f. Let i(k) = 2*a(k) - 7*c(k). Is i(-1) a prime number?
True
Suppose 92 = 2*v - 58. Suppose v = q + 4*q. Is q prime?
False
Let b(l) = 0 - 24*l + 2 + 1. Let c be b(-3). Suppose -2*g - g = 4*a - 235, 4*g = -a + c. Is a a prime number?
False
Let z be (8/(-14))/((-4)/14). Let l(v) = 0*v**3 + 37 + 3*v**3 + v - z*v**3 + v**2. Is l(0) a composite number?
False
Suppose -3*i - j = 2*i - 60, -5*j = 3*i - 14. Let n(q) = -q + 11. Let r be n(i). Let f(l) = -6*l**3 + l**2 - l - 1. Is f(r) prime?
True
Let j = -8 + 12. Suppose -b - 4*f = 3*b + 4, -4*f = 16. Is 74/b*6/j prime?
True
Let i(c) = c**3 - 12*c**2 + 3*c - 23. Is i(16) a composite number?
False
Let c(d) = 2*d**2 - 2*d + 1. Is c(3) a prime number?
True
Suppose -4880 = 2*p - 2*w, -6*w + w = 25. Let u = -1396 - p. Is u prime?
True
Let f(y) = 5*y - 5. Let z be f(-4). Let q = z - -16. Let o = 10 - q. Is o composite?
False
Let u(t) = -21*t**2 - t - 1. Let b be u(-2). Let w = -9 - b. Is w composite?
True
Suppose -2*s + 1084 = -2*f, 4*s - 2036 - 132 = -5*f. Is s/14 - (-6)/21 composite?
True
Let c(i) = 2*i**2 + 6*i - 1. Let n(h) = -h**2 - 6*h + 2. Let k(a) = 2*c(a) + 3*n(a). Let b be k(8). Let f = 75 - b. Is f a composite number?
True
Let t(i) = 223*i**2 + 3*i - 5. Is t(2) composite?
True
Let k(j) = -j**3 - 6*j**2 - 3*j + 7. Suppose 0*o + 21 = -3*o - 4*i, 5*o + 5*i + 35 = 0. Is k(o) a prime number?
False
Suppose -2*a - 3*a = 0. Suppose 2*x + 52 = 2*f, -4*f - x = -a*x - 89. Suppose -5*t + f = -3*v + 169, 4*t + 98 = 2*v. Is v a composite number?
False
Suppose -5*m - 2*h = 8, -5 = h - 1. Suppose -3*w - 4*s - 10 = -m*s, 3*s + 10 = -w. Suppose -4*p - 48 = -2*f - 2*p, 40 = w*f + 2*p. Is f prime?
False
Let g(q) = 4*q**2 + 7*q - 5. Is g(14) a prime number?
True
Let b be -3 + 4/((-4)/65). Let g = 147 + b. Is g a prime number?
True
Let x = 18 - -113. Is x prime?
True
Let q(x) = x**2 - 10*x + 4. Let j be q(9). Let w be (-2)/j*-1*-5. Let y(f) = f**2 + 2*f + 1. Is y(w) composite?
True
Suppose -2*j + 4 = -4. Suppose 390 = 2*p - j*v, -588 = -0*p - 3*p + 5*v. Is p a prime number?
False
Suppose -3 = 5*m + 2. Let k be (-53)/m - (-1 - 1). Suppose 4*d = k + 541. Is d prime?
True
Let w(d) = -5 - 4 + 2 - 2*d + 4. Let l = 3 + -8. Is w(l) composite?
False
Let h = 15 - 0. Suppose -2*x + 9 = -17. Suppose -h = -4*d + x. Is d prime?
True
Is ((-32)/(-6) + -5)*3318/2 a composite number?
True
Let d = -1 - -1. Let u(w) = -w**3 + 2. Let p be u(d). Suppose -3*q + 3 = -p*q. Is q a prime number?
True
Suppose -20 = x + 3*v, 0*x - 28 = 3*x + v. Let l(s) be the third derivative of -s**6/120 - 7*s**5/60 - s**4/6 + s**3/6 + 2*s**2. Is l(x) a composite number?
False
Let k = -56 - -37. Let u = 40 + k. Is u a composite number?
True
Let x = -111 - -255. Let z = x + -65. Is z prime?
True
Suppose 18 = 3*h + 4*y, 4*h + 4 = -2*y + 18. Suppose -179 = -3*o + 4*x, o + x - 38 = -h*x. Is o prime?
True
Suppose -4*o + 31 = -61. Is o prime?
True
Let n(p) = 58*p**2 - 9*p - 8. Let l be n(-8). Let j = -2043 + l. Is j a prime number?
True
Let q(c) be the second derivative of 9*c**3/2 - c**2/2 + 4*c. Is q(2) composite?
False
Let p = -4 - -12. Suppose 8 = i - 2*d - p, -2*i + 47 = -d. Let q = 39 - i. Is q a prime number?
True
Suppose -2*v - 2*g + 4*g = -96, -5*g = 4*v - 174. Suppose -2*p - v = -4*z - 160, 0 = 2*z + 4. Is p prime?
True
Let k(a) = -a + 7. Let s be k(5). Let l(d) = 15*d - 3. Let m be l(s). Suppose 3*r + 4*w - 29 = 0, 2*r + 5*w + m = 4*r. Is r prime?
True
Suppose 0 = 9*o + 1605 - 48000. Is o prime?
False
Suppose -2*y + 3050 = -3*d, 2*d - 4 + 8 = 0. Is y composite?
True
Suppose -q = 2*t - 5849, 3*t - 11701 = 5*q - 7*q. Is q prime?
False
Let c = 59 + -36. Let z = 3 + -1. Suppose z = w, 0 = -5*x - w + 360 - c. Is x prime?
True
Let m(f) = -5*f - 12. Let t(y) = -y - 3. Let l(x) = -2*m(x) + 9*t(x). Let r be l(5). Suppose -r - 24 = -2*w. Is w a prime number?
True
Let n(c) = -38*c + 1. Let j(h) = h**3 - 8*h**2 + 6*h + 4. Let i be j(7). Is n(i) composite?
True
Let d(t) = 4*t**2 - t - 7. Is d(3) composite?
True
Suppose 6*h - 2007 = 3*h. Is h prime?
False
Let c = -103 + -142. Let d = 456 + c. Is d composite?
False
Let h = -11 + 22. Let l = -9 + h. Is l - (-2 + 1 + -154) prime?
True
Let u(k) = 2*k**2 - k - 1. Let y be u(2). Suppose -f - 5 + 27 = 4*b, -y*b + 4*f = -38. Let d(m) = 2*m**2 - 4*m + 5. Is d(b) composite?
False
Suppose -4*f = -3*c + 913, c + 5*f = 2*c - 319. Is c a prime number?
False
Suppose -w + 6*w = 165. Let g(n) = n**2 + 7*n + 18. Let k be g(-12). Suppose -k = -3*f - w. Is f a composite number?
True
Let k(t) = 13*t + 5. Let c = 6 - 0. Is k(c) composite?
False
Let r(n) = n**3 - 9*n**2 + 4*n - 1. Let s(d) = -d**2 - 11*d + 9. Let m be s(-11). Is r(m) composite?
True
Let a(m) = 11*m + 5. Let t be a(-10). Let l = t + 182. Is l prime?
False
Suppose 4*f = -5*k + 39, -24 = -3*f - 3*k + 3. Let b(m) = m**3 - 4*m**2 - 7. Is b(f) a prime number?
False
Let p(n) = -n. Let r be p(-2). Suppose 0 = -r*l + 7*l. Suppose b - 4*b + 609 = l. Is b a prime number?
False
Let f = -11 - -14. Suppose -5*i + 1631 - 352 = -f*s, 4*i - s = 1026. Is i a composite number?
False
Let c(k) = 11*k**2 - 4*k + 1. Let m be c(3). Let d = 141 - m. Is d a composite number?
False
Let s(v) = v**3 + 7*v**2 + 5*v - 7. Let l be s(-6). Let r(y) = -y + 5. Let p be r(4). Is l - p/((-2)/156) prime?
False
Suppose -6*h + 2*h = -2*z + 2502, 2*h + 2510 = 2*z. Is z a prime number?
True
Suppose -4*c - 2342 = -2*x + c, 5*x + c = 5909. Is x prime?
True
Let h(o) be the second derivative of o**4/12 - o**3 + 4*o. Is h(-5) composite?
True
Let j(h) = h + 11. Let l be j(-8). Suppose -l*z = -20 - 37. Is z prime?
True
Let b(j) = -2*j + 2. Let q be b(2). Let u = q + 9. Is u composite?
False
Suppose 2*x = -4*n + 322, -676 = -4*x - 4*n - 36. Is x composite?
True
Suppose 455 = 7*s - 5691. Is s a prime number?
False
Suppose 3*d - d - 3*x + 3 = 0, -24 = -5*d - 3*x. Suppose -w = -d*w + 298. Suppose -b - 3*n = -w, 2*b - 4*b + 298 = -n. Is b a prime number?
True
Let p(o) = o**2 + 2 - 2 + 5 + 4*o - 4. Is p(-9) a composite number?
True
Let t = 168 - 111. Is (t - -2)*(-5)/(-1) composite?
True
Let k(j) be the first derivative of -j**3/3 - 8*j**2 - 17*j + 1. Is k(-13) prime?
False
Let q(n) be the second derivative of -17*n**6/60 + n**5/30 + n**4/12 + n**3/6 - 3*n**2/2 - n. Let w(p) be the first derivative of q(p). Is w(-1) a prime number?
False
Let d be (2 - (-3)/(-1)) + 25. Let c = d + 25. Is c a prime number?
False
Let u be 3 - 1/((-4)/684). Suppose 4*p = 5*w - 294, -3*p = 2*w - 5*w + u. Is w a composite number?
True
Suppose 4*s + 0*s + 1655 = 3*x, 0 = -x + 3*s + 550. Is x prime?
False
Suppose 0 = 3*y + 114 - 11493. Is y composite?
False
Suppose 0 = -8*y + 4395 + 2285. Is y a prime number?
False
Let k = -6 + 7. Is 2 + -2 + 119/k composite?
True
Let p(u) = u**3 - 4*u + 4. Is p(3) a composite number?
False
Let d be (-3)/9 - (-1)/3. Suppose -5*g + 3 = -4*p, -5*p - 2*g + 0*g + 21 = d. Suppose 4*u - 2*u = 4*m - 142, p*m - 120 = -3*u. Is m a prime number?
True
Let r(x) = 14*x**3 - 5*x**2 + 3*x - 1. Suppose -2*u - 3 = -3*u. Is r(u) a composite number?
True
Suppose 0*s - 5*s + 15 = 0. Is (-22)/5*(-2 - s) a prime number?
False
Let g be (4/(-2))/2 - -219. Let d = 345 - g. Is d a prime number?
True
Let v = -146 + 329. Is v a composite number?
True
Suppose 3*k - 2*j - j - 171 = 0, 0 = 5*j. Is k prime?
False
Let t = -18 + 35. Suppose -q = -16 - t. Is q prime?
False
Suppose -2*x + 104 = 2*x. Is x prime?
False
Let l(u) = -17*u - 3. Let j be l(-6). Suppose 0*f + f + s = 24, 4*f - j = -5*s. Is f a prime number?
False
Let h = -4521 - -6470. Is h a composite number?
False
Suppose 3*r - 14 = -x - x, 4*r = -x + 12. Is r - (-87 + (0 - 0)) prime?
True
Suppose -y + 14 = 4*m, -10 = -0*y - 2*y - 2*m. Suppose -d + 6